-87 - -147. Calculate the highest common factor of 12 and c.
12
Let k be 2 + -3*61/(-3). Let b(c) = c**2 - c. Let d be b(1). Suppose 4*v + d*v = 36. Calculate the highest common factor of v and k.
9
Suppose -5*p + 56 = 4*f, -f + 7 = -2*f + 4*p. Let c be -4*1 + 2 + -2. Let g(s) = -15*s + 3. Let x be g(c). What is the highest common divisor of f and x?
9
Suppose 2*z = 5*r + 34 + 1, -5*r = 5*z. What is the highest common divisor of z and 55?
5
Suppose 3*l + 0*l - 54 = 0. Calculate the highest common factor of 6 and l.
6
Suppose 4*m - 3*m = -r, 0 = -3*r - m + 8. Suppose 0 = 2*q - 2*v - 6, 5*q - v + 0*v - 19 = 0. What is the highest common factor of r and q?
4
Let r(l) = l + 11. Let w be r(-9). Suppose 0 = -w*y + 8 + 20. Let b(v) = 153*v**3 + v**2. Let c be b(1). What is the highest common factor of y and c?
14
Let z(u) be the second derivative of 1/12*u**4 + 0*u**2 + 4/3*u**3 + 2*u + 0. Let f be z(-9). Calculate the greatest common factor of f and 81.
9
Suppose 3*j - y = 39, 0*j - 27 = -2*j + y. What is the greatest common divisor of 12 and j?
12
Let m = 55 - 97. Let p be 10/8*-2*4. Let b be (2 + m/15)*p. Calculate the highest common factor of 24 and b.
8
Let v(l) = -5*l - 9 + 2*l**2 - 6*l + 7*l**2 + 6*l**3 - 5*l**3. Let s be v(-10). What is the highest common factor of 7 and s?
1
Suppose -2*k + 3*u = 3*k - 60, 5*u - 10 = k. What is the highest common factor of k and 10?
5
Let r be 28 + (-21)/(-7) + 0 + -2. What is the highest common factor of r and 145?
29
Suppose 0 = -3*h - 0*h + 33. Let x(b) = b**2 - 4*b - 5. Let g be x(4). Let f = h + g. What is the greatest common factor of f and 54?
6
Suppose -z = -2*m - 12, -2*z - 28 = -4*z + 5*m. Suppose z*g - 32 = -4*x, -x = -4*g + 23 + 9. Let y = 43 + 21. What is the greatest common divisor of g and y?
8
Suppose 2*z - 5*a - 1 + 3 = 0, -3*a = 0. Suppose -4*o - 2 = -t, t + 0*t + 3*o = 2. Let h be (z + t - 2) + 52. Calculate the highest common factor of 34 and h.
17
Let s(l) = -l**2 - 31*l - 42. Let q be s(-16). What is the highest common divisor of 9 and q?
9
Let z(p) = -p**3 - 2*p**2 + 2. Let q be z(-5). What is the greatest common divisor of 11 and q?
11
Let w = 0 - -6. Suppose -k = -w*k. Suppose -4*p = -k*g - 2*g + 36, -7 = g + 3*p. Calculate the highest common factor of g and 2.
2
Let t(k) = -2*k**3 + 7*k - 2. Suppose -8 - 10 = 3*m. Let g be t(m). Suppose 4*w - 516 = -l, 0*l + l - g = -3*w. What is the highest common factor of w and 16?
16
Let p be -3 + (-1 - 3)*-2. Calculate the greatest common factor of p and 40.
5
Suppose 5*s = 5, 3*s = 3*k + k - 13. Suppose 0*t + 12 = k*t. Suppose t*g - 14 - 11 = -2*j, -4*j = -g - 71. Calculate the highest common factor of 34 and j.
17
Let j be (12/18)/((-4)/(-6)). What is the greatest common factor of 4 and j?
1
Let o = -2 - -5. Suppose -4*f = -o*m + 4, -f - 1 = -3. Suppose m*j = 2*j + 12. What is the greatest common factor of 12 and j?
6
Let w = 6 + -2. Suppose -5*a - 5*b + 400 = 0, w*a + 3*b - 13 = 307. Let q = 17 - 7. What is the highest common factor of q and a?
10
Suppose -154 = 2*z - 3*z. Suppose -5*y = -b - 74, 3*y = -2*b + 13 + 21. Calculate the highest common factor of y and z.
14
Let x = 69 + -54. What is the highest common factor of 75 and x?
15
Let a = -37 - -136. Calculate the highest common factor of 11 and a.
11
Let l(a) = -8*a + 1. Let k be l(-1). Let m = 3 + 0. Let q(v) = 4*v**2 - 4*v + 3. Let n be q(m). What is the highest common divisor of k and n?
9
Suppose 2*k - 4*k = -876. Let v = -294 + k. What is the highest common factor of v and 16?
16
Let c(m) = m**2 + m + 2. Suppose 5*y = -10 - 5. Let j be c(y). What is the highest common divisor of j and 40?
8
Suppose 3*a - 2 + 14 = -z, -5*a = -z + 28. Suppose -z*b = -3 - 21. What is the greatest common factor of 72 and b?
8
Suppose 0 = -c - 1, 5*u - 4*c - 5 = 29. Let r be 18 - 0 - (-4 + u). What is the greatest common divisor of r and 176?
16
Suppose 7*u - 42 = 35. Calculate the highest common divisor of 11 and u.
11
Suppose -6*y = y - 140. Suppose -21*i + 17 = -y*i. What is the highest common factor of i and 51?
17
Let c(b) = -b - 2. Let m be c(-2). Let i be (2 - 4)*(m - 1). Suppose -i*u + 2 = 4*r, -5*u + r + 24 = 8. What is the highest common divisor of 3 and u?
3
Let d = -62 - -174. What is the greatest common divisor of d and 16?
16
Let y = 3 - -2. Suppose 16 = y*o - 3*o. Calculate the greatest common factor of o and 20.
4
Let b be (-12)/8 + 10/(-4). Let f(a) = -3*a**3 + 5*a**2 + 3*a + 6. Let m be f(b). Suppose 0*h + 2*h = m. Calculate the highest common divisor of 19 and h.
19
Let q = 4 - -11. Let h = 29 - q. Calculate the greatest common factor of h and 98.
14
Let n = -198 - -94. Let d be (n/(-1))/((-12)/(-12)). Calculate the highest common factor of d and 13.
13
Suppose 0 = 4*x + c - 625, 5*x + 5*c - 161 = 4*x. What is the greatest common factor of x and 39?
39
Suppose 2*z - n + 5*n - 28 = 0, -4*z + 3*n + 34 = 0. What is the greatest common divisor of z and 110?
10
Suppose -2*p = 1 - 5. Let d be (-1 - -1)/(5 + -6). Suppose -p*i = t - d*i - 9, -5*t = 5*i - 35. Calculate the highest common factor of 2 and t.
1
Suppose -3*k - 9 = 2*g - 25, -3*g - 12 = 0. Let p be (-127)/(-2) - 2/(-4). What is the greatest common factor of k and p?
8
Let u(z) = 6*z - 1. Let t be u(3). Calculate the greatest common divisor of t and 153.
17
Let u(m) = 5*m**2 - 6*m + 3. Let f be u(2). Calculate the greatest common divisor of f and 33.
11
Let c be 2*(-24 + 1 + -1). Let b = -30 - c. Calculate the highest common divisor of b and 2.
2
Suppose 0 = -3*a - 4 + 46. Let q be 1*0/((-6)/(-2)). Suppose -5*x = -5*i - 755, x - 157 = -q*i - i. What is the highest common divisor of a and x?
14
Suppose -5*r = -4*q + q + 75, 77 = 4*q + r. Let u = 367 - 362. What is the greatest common factor of q and u?
5
Let f be (8*(-4)/(-24))/(4/90). What is the highest common factor of f and 15?
15
Suppose 3*h - 240 = -17*h. What is the greatest common divisor of h and 4?
4
Let u be 204/10*120/48. Calculate the greatest common factor of u and 3.
3
Suppose 138 = 2*k - 278. Calculate the highest common factor of k and 13.
13
Let c = 20 - 7. What is the highest common divisor of 117 and c?
13
Let b = -5 - -7. Calculate the highest common factor of 4 and b.
2
Let w(l) = -91*l**2. Let f be w(-1). Let c = f + 151. Let d = -2 + 17. What is the highest common divisor of c and d?
15
Let p be (-110)/(-7) - (-6)/21. Let d be (-1301)/(-3) - (-2)/(-3). Let h be d/3 + (-1)/3. What is the highest common factor of p and h?
16
Suppose -3*b + 0 - 12 = -d, 0 = 3*b + 9. Let v = 14 + d. Suppose -2*a + 268 = 234. Calculate the greatest common divisor of v and a.
17
Let h = -3 + -2. Let i be h/20 - (-129)/4. Let c(j) = 8*j. Let g be c(6). What is the highest common divisor of g and i?
16
Let o(j) = -77*j + 77*j + 1 + 35*j**2. Let y be o(-1). Suppose 0 = -4*s + 2*r + 74, -4*r = -3*s - 0*s + 58. Calculate the greatest common divisor of s and y.
18
Let n be (18 + -19)*(0/2 - 33). Calculate the highest common factor of n and 6.
3
Let q = -8 + 20. Calculate the greatest common factor of q and 108.
12
Let l(u) be the first derivative of -5/2*u**2 - 1 - 3*u. Let m be l(-3). Calculate the highest common divisor of m and 4.
4
Suppose -3*g = -8*g + 170. Calculate the greatest common divisor of 374 and g.
34
Let f(h) = -3*h**2 + 38*h + 13. Let y be f(9). What is the highest common divisor of y and 14?
14
Let n(q) = 3*q - 4. Let u be n(3). Let o(c) = -1 + 21*c**3 - 35*c**3 - 22*c**3 + 0. Let k be o(-1). What is the greatest common divisor of u and k?
5
Let h(w) = -w**3 + 7*w**2 - 6*w - 3. Let k(b) = 4*b + 4*b - 3 - b**2 - 2*b. Let j be k(4). Let c be h(j). Calculate the greatest common divisor of 51 and c.
17
Let i(k) = k**2 - 7*k - 6. Let n be i(8). Suppose -5*w = -n*w - 9. Suppose 5 = u - z - 0, 0 = w*u - z - 13. Calculate the greatest common divisor of u and 28.
4
Suppose -10*p + 480 + 280 = 0. Calculate the greatest common factor of p and 57.
19
Let h(b) = -2*b + 2. Let r be h(-17). Let a be -1*5/(5/(-24)). What is the highest common divisor of r and a?
12
Suppose a + 25 = 6*a, 5*z - 165 = 2*a. Calculate the greatest common factor of 5 and z.
5
Suppose -18 + 0 = 4*s + c, -24 = 5*s + 2*c. Let a be 5/(-10) + 1118/s. Let l be (-4)/(-6) + a/(-12). Calculate the highest common f